- 157. Let z = -73 - w. Suppose 155 + z = 5*f. What is the units digit of f?
4
What is the ten thousands digit of 33028*1/2 + -5 + 0 + 1?
1
Suppose 343027 = 181*b - 7746044. What is the ten thousands digit of b?
4
Let c = 74 - 47. Suppose -2*z = c - 29. What is the tens digit of z - (-6)/(-3) - -100?
9
Let f be (2 - 392/35)*15. What is the tens digit of f/23 - 3/(9/(-1767))?
8
Let u = 35 + -67. Let l = -1195 + 1028. Let m = u - l. What is the tens digit of m?
3
Suppose -2*p + 7*p + 2*d + 680 = 0, -5*p = -5*d + 680. What is the units digit of (-1)/(276/p - -2)?
4
Let m(q) = 116*q + 818. What is the thousands digit of m(32)?
4
Suppose 10*z - 6 = 44. Suppose -3*t = 5*k - 6, 5*t - 2 = 4*t - z*k. Suppose -t*s - 2*y + 462 = 0, -5*y - 11 - 423 = -2*s. What is the tens digit of s?
2
Let s(j) = -6*j + 7 + 7 - j**2 + 5*j**2 + 10. What is the hundreds digit of s(12)?
5
Suppose 0 = 5*s + 3*a - 9683, -2*s = 2*a - 3178 - 700. What is the hundreds digit of s?
9
Let u = -46 - -66. Let j(c) = u - 13 - c + 0*c + 2*c**2 + 2*c**2. What is the units digit of j(3)?
0
Let d(b) = 15*b**2 + 43*b + 251. What is the thousands digit of d(-22)?
6
Suppose 8*w - 10790 = 3*w. Let d = -1209 + w. What is the hundreds digit of d?
9
Suppose 0 = -7*v - 55 + 6. What is the units digit of 501/6*(v - -19)?
2
Let v(b) = 40*b + 7. Suppose 5*q = 2 + 13. Let y be v(q). Suppose 4*x - 5*t - 433 = 0, x - y = -0*x - 5*t. What is the tens digit of x?
1
Let b be 347*6/(-5)*(-35)/14. Let d = b + -300. What is the units digit of d?
1
Let f = -1836 + 100. Let k be 5/5 + f/(-4). Suppose 0 = 2*n + 3*s - 151, -5*n + k = -0*s - 4*s. What is the tens digit of n?
8
Suppose -12*d + 15501 = -2955. Suppose -c = -i - 1205, 2*i = -2*c + d + 856. What is the units digit of c?
1
Let s(q) = 30*q + 3312. What is the units digit of s(-10)?
2
Let q = -2566 + 7816. What is the tens digit of q?
5
Let a(r) = -38*r + 17. Let h(m) = -721*m + 322. Let x(p) = 56*a(p) - 3*h(p). Let j(b) = -17*b + 7. Let d(s) = 5*j(s) + 2*x(s). What is the tens digit of d(-7)?
1
Let c = 357 - -751. Suppose -7*y = -c - 1888. What is the units digit of y?
8
Let p be (-6)/(1 + 2)*-4 + 4. Suppose 4*o - 3*h + p = -0*h, 5*o = 2*h - 15. What is the units digit of -4 + ((-360)/o - -1)?
7
Suppose -4*c + q = -1226, 3*c - 538 = 2*q + 379. Suppose -4*m - c = 5*g, 2*m = 3*g - 2*m + 197. Let t = g + 114. What is the units digit of t?
1
Let h = -1879 + 2937. What is the thousands digit of h?
1
What is the ten thousands digit of (57057 - 8 - -6) + -11 + 12?
5
Suppose -5*b = 3*j + 20, -b + 3*b + 8 = 5*j. Suppose -k + 3 = j, 18 = -3*a + 3*k - 0. What is the hundreds digit of 134 + (14/8 - a/12)?
1
Let w(l) = l**3 + 25*l**2 + 26*l + 7. Let p be w(-12). Suppose 9*g = p + 26. What is the tens digit of 3*(g/9 - 1*2)?
5
Let l(y) = 7*y - 100. Let r be l(15). Suppose -r*f = -4559 - 916. What is the hundreds digit of f?
0
Let q = 100203 + -57085. What is the hundreds digit of q?
1
Suppose -p = 2*p - 3*z - 54, 4*p = -4*z + 40. Let g(h) = 2*h**2 + 11*h + 58. What is the hundreds digit of g(p)?
6
Let u = -4987 - -9615. What is the units digit of u?
8
Let a = 20644 + -13017. What is the units digit of a?
7
Let x(y) = 4*y**3 - 19*y**2 - 14*y + 33. Let j(s) = 5*s**3 - 19*s**2 - 15*s + 32. Let b(t) = -5*j(t) + 6*x(t). What is the units digit of b(-22)?
8
Let w = 76589 - 45953. What is the ten thousands digit of w?
3
Let q be 12/7 + 1/((-49)/(-14)). Let g(d) = 158 + 19*d - 76 - 70 - d**q. What is the tens digit of g(9)?
0
Let g(c) = -3678*c - 55. What is the hundreds digit of g(-2)?
3
Suppose 0 = 2*w - 2*d - 16, 11 = -3*w - d - 3*d. Let z(g) be the second derivative of 5*g**4/12 + 7*g**3/6 - 9*g**2/2 - g + 19. What is the units digit of z(w)?
7
Let h = 163704 + -107471. What is the tens digit of h?
3
Suppose 0 = 59*c - 44265 - 121997. What is the tens digit of c?
1
Suppose 4*j + 4*c = 179896, 4*j - 24*c - 179976 = -18*c. What is the ten thousands digit of j?
4
What is the units digit of (-4)/6 - (-10863)/459?
3
Let t be ((-5929)/(-21))/(2/(-6)). Let w = 1481 + t. What is the units digit of w?
4
Let g(n) = 5*n**2 - 2*n + 1124. What is the tens digit of g(-58)?
6
Suppose -5*a - 2*x = -3*x + 2795, -4*a = 3*x + 2255. Let t = -6 + 8. What is the units digit of a/(-84) + (t/(-6))/(-1)?
7
What is the hundreds digit of 1/5 + (-3 - 32894/(-5))?
5
Let s(b) = 13*b - 71. Let j = -57 + 76. What is the tens digit of s(j)?
7
Suppose -2*m = 2*j + 300, 4*m + 343 = -j - 257. What is the units digit of -4*(-6)/(-48)*m?
5
Suppose -155*m + 309 = -152*m. Suppose -b - r + m = 0, 3*b - 4*r - 302 = 21. What is the units digit of b?
5
Let m = 57 - 53. Let o be (m + -7 + 4)*(1 + -1). Suppose 8*n - 6*n - 56 = o. What is the tens digit of n?
2
Let o = 17963 + -12196. What is the thousands digit of o?
5
Suppose -32 - 82 = -6*t. Suppose -16*b - 69 = -t*b. Suppose -19*g + b*g - 328 = 0. What is the tens digit of g?
8
Let i(a) = -193*a**3 - 5*a**2 - 5*a - 2. Let l(n) = -577*n**3 - 16*n**2 - 16*n - 6. Let f(u) = 7*i(u) - 2*l(u). What is the units digit of f(-1)?
5
Let l(b) = b**2 - 17*b + 1. Let t be l(-4). Let c = 1021 - t. What is the units digit of c?
6
Suppose 103*r + 494622 - 3911944 - 818862 = 0. What is the units digit of r?
8
Suppose -2*y - 12 = -5*y. Suppose -y*j + 156 = 16. What is the tens digit of (130/j)/((-2)/(-14))?
2
Let a(y) be the second derivative of -3/2*y**2 + y + 0 - 8/3*y**3 + 1/12*y**4. What is the units digit of a(17)?
4
Suppose 3*m = v - 12, 1 = 2*v + 3*m + 13. Suppose v = -5*k + 3*g + 1039, g = -4*k + 1032 - 194. What is the hundreds digit of k?
2
Let x = -114 - -147. Suppose -27*r = -x*r + 1932. What is the tens digit of r?
2
Suppose 5*t - 3359 = 3101. Suppose -t = -3*i + 2*m, -41 = -i + m + 390. What is the tens digit of i?
3
Let b(g) = -5*g - 59. Let d be b(4). Suppose 0 = -8*s + 3*s + 35. What is the hundreds digit of (s + 3 + -6)/((-2)/d)?
1
Let n be 0/2 + 14 + -10. Suppose 0 = -5*r + 3*q + 905, -3*r - 2*q = -5*q - 549. Suppose 0 = -n*t + 6*t - r. What is the tens digit of t?
8
Suppose -3*i - 3*v - 761 = 2*v, -2*v = -4*i - 1006. Let p = i - -283. What is the tens digit of p?
3
Let l(y) be the third derivative of -y**6/20 - y**5/30 + 5*y**4/24 + 11*y**3/6 - 11*y**2. Let n be 15/(-21) + 1 - (-207)/(-63). What is the tens digit of l(n)?
4
Let y be (2 - 1)*(-1 + 0) + -3. Let x be (-6 + -662)/(-3*y/(-6)). What is the units digit of (x/(-3))/((-10)/6 + 1)?
7
Let j(u) = -27*u + 220. Let k(o) = -14*o + 96. Let f(a) = 4*j(a) - 9*k(a). Let w be 104/10 + (-4)/10. What is the units digit of f(w)?
6
Suppose 25*q = 2*q. What is the units digit of (q - 1) + (1408/(-4))/(-1)?
1
Suppose -5*o + 10024 = -12*o. Let s = 2472 + o. What is the hundreds digit of s?
0
What is the hundreds digit of -2 - 22/((-88)/76092)?
0
What is the thousands digit of 4/6 + (-49900)/(-12)?
4
Let o = 750 - 205. Let s = 880 - o. What is the hundreds digit of s?
3
Let f(j) = j**3 - 8*j**2 - 11*j + 21. Let i be f(10). Let g = 100 - i. What is the tens digit of 1586/11 + 2/g?
4
Suppose -y = -2*u + u - 26, 20 = y - 3*u. Let b(g) = 3*g**2 - 13*g + 25. Let n be b(2). Suppose x - n = y. What is the units digit of x?
0
What is the ten thousands digit of (-51)/(2958/(-3280741)) + (-1)/(-2)?
5
Let x(l) = -444*l**3 - 78*l**2 - 227*l + 2. What is the ten thousands digit of x(-3)?
1
Suppose -16 = 2*u + 3*i, -3*i - 2*i - 25 = 3*u. What is the hundreds digit of 49*(6 + 1*5/u)?
2
Suppose -10*d + 6*d = -12. Let h be 18*(-54*(-2)/8 - 2). Suppose -p = 3*x - h, -d*p - 2*x = -0*p - 600. What is the hundreds digit of p?
1
Suppose y - 2*d - 2878 = -4*y, -3*y + 1742 = -5*d. Suppose -4*z = -2*z - 6. Suppose -z*t = -10*t + y. What is the units digit of t?
2
Suppose -c + 7*c - 1548 = 0. Suppose 0 = 8*n - 9*n - 144. Let g = c + n. What is the units digit of g?
4
Let h(b) = -5*b**3 + 2*b**2 - 3*b - 1. Suppose 3*k + 2*v - 19 = 0, -2*k = -3*k + 4*v + 25. Let t be (-2)/(-2) + k + -11 - 2. What is the tens digit of h(t)?
6
Suppose 0 = 2*g + 2 - 12. Suppose 507 + 1893 = -g*p. Let t = -216 - p. What is the tens digit of t?
6
Suppose -q + 9996 = z, -5*z + 6232 = q - 3732. What is the units digit of q?
4
Suppose 156 = -2*j + 2*c, 0*j + 58 = -j + 5*c. What is the units digit of (0 - j/(-4))*(33 + -37)?
3
Let z(y) = y**3 - 2*y**2 - 2*y - 3. Let v b